{"id":224,"date":"2015-10-19T12:34:50","date_gmt":"2015-10-19T10:34:50","guid":{"rendered":"http:\/\/stephanieorion.com\/?page_id=224"},"modified":"2020-07-15T15:59:50","modified_gmt":"2020-07-15T13:59:50","slug":"beziehungpartnerschaftfamilie","status":"publish","type":"page","link":"https:\/\/stephanieorion.com\/?page_id=224&lang=de","title":{"rendered":"Beziehung\/Partnerschaft\/Familie"},"content":{"rendered":"<div style=\"text-align: center;\"><span style=\"color: #b00078;\"><em>\u201eWahres Verst\u00e4ndnis verleiht Beziehungen ihr Potenzial.&#8220;<\/em><\/span><\/div>\n<div style=\"text-align: center;\"><span style=\"color: #b00078;\"><em>~\u00a0Ra Uru Hu\u00a0<\/em><\/span><\/div>\n<div><img loading=\"lazy\" decoding=\"async\" class=\"aligncenter wp-image-1707 size-full\" src=\"https:\/\/stephanieorion.com\/wp-content\/uploads\/2018\/05\/sparkler-677774_640.jpg\" alt=\"\" width=\"640\" height=\"426\" srcset=\"https:\/\/stephanieorion.com\/wp-content\/uploads\/2018\/05\/sparkler-677774_640.jpg 640w, https:\/\/stephanieorion.com\/wp-content\/uploads\/2018\/05\/sparkler-677774_640-300x200.jpg 300w\" sizes=\"auto, (max-width: 640px) 100vw, 640px\" \/><\/div>\n<div><\/div>\n<div><strong>Von Verstrickung zu Liebe&#8230;\u00a0<\/strong><\/div>\n<p>Wir alle sind miteinander verbunden. Meine Qualit\u00e4t liegt darin M\u00f6glichkeiten aufzuzeigen wie das Miteinander und Zusammenleben mit anderen f\u00fcr alle Beteiligten harmonischer und ges\u00fcnder gestaltet werden kann. Egal, um welche Beziehungsform oder Partnerschaft es sich handelt, von gesch\u00e4ftlichen, freundschaftlichen bis hin zu famili\u00e4ren Strukturen, alles kann beleuchtet werden.<\/p>\n<p>Das Human Design System bietet verschiedenste Wege offensichtliche und subtile Dynamiken sozialer Interaktionen zu beschreiben und dadurch erkennbar zu machen. Und was man erkennen und beobachten kann, kann einen nicht mehr regieren.<br \/>\n<em>Wie k\u00f6nnen wir kreative L\u00f6sungen f\u00fcr ein harmonisches Zusammensein finden?<br \/>\n<\/em><em>Was l\u00e4sst sich ver\u00e4ndern, was ist wie es ist, kann aber erkl\u00e4rt und damit akzeptiert werden?<\/em><\/p>\n<p><img loading=\"lazy\" decoding=\"async\" class=\"aligncenter wp-image-1653 size-medium\" src=\"https:\/\/stephanieorion.com\/wp-content\/uploads\/2018\/05\/people-3120717_640-300x200.jpg\" alt=\"\" width=\"300\" height=\"200\" srcset=\"https:\/\/stephanieorion.com\/wp-content\/uploads\/2018\/05\/people-3120717_640-300x200.jpg 300w, https:\/\/stephanieorion.com\/wp-content\/uploads\/2018\/05\/people-3120717_640.jpg 640w\" sizes=\"auto, (max-width: 300px) 100vw, 300px\" \/><\/p>\n<p><strong>F\u00fcr unsere J\u00fcngsten&#8230;<\/strong><\/p>\n<div style=\"text-align: center; padding-left: 30px;\">\n<div style=\"padding-left: 30px;\"><span style=\"color: #b00078;\"><em>\u201e<em>Ich habe immer schon junge Menschen unterrichtet und als Vater m\u00f6chte ich, dass sich meine Kinder gesund entwickeln k\u00f6nnen. Human Design und seine grundlegenden Wahrheiten und Werte sind nicht nur f\u00fcr Erwachsene gedacht. Kinder haben die F\u00e4higkeit, ihr Design sehr schnell zu erfassen.<\/em>&#8222;<\/em><\/span><\/div>\n<div style=\"padding-left: 30px;\"><span style=\"color: #b00078;\"><em>~\u00a0Ra Uru Hu\u00a0<\/em><\/span><\/div>\n<\/div>\n<p>Kinder sind unsere Zukunft hat meine Biologielehrerin immer zu uns gesagt. Mir ist es ein gro\u00dfes Anliegen den Kleinsten unter uns den bestm\u00f6glichen Start zu geben. Human Design beschreibt nicht nur die einzigartigen Qualit\u00e4ten jeder einzelnen Person, sondern auch alle Formen der menschlichen Interaktion. Dies erm\u00f6glicht es Familien, dass Eltern wie Kinder ihre Einzigartigkeit leben k\u00f6nnen anstatt sich dem Druck der Gesellschaft und des Familiensystems anzupassen. Das Zusammenleben wird lebendiger, freier und dadurch entstehen weniger Problemfelder und Auseinandersetzungen und f\u00fcr die, die dennoch entstehen,\u00a0werden durch Human Design konstruktive und liebevolle L\u00f6sungswege m\u00f6glich.<\/p>\n<p><span style=\"line-height: 1.5;\">Wenn Sie irgendwelche Fragen oder Problemfelder in ihrer Partnerschaft oder Familie haben,\u00a0kann ich kann Sie\u00a0mit meiner feinf\u00fchligen und klaren Art unterst\u00fctzen, und mit Rat zur Seite stehen, um neue Wege f\u00fcr ein Miteinander zu finden und auch umzusetzen.<\/span><\/p>\n<div>\n<div><img loading=\"lazy\" decoding=\"async\" class=\"aligncenter wp-image-1704 size-full\" src=\"https:\/\/stephanieorion.com\/wp-content\/uploads\/2018\/05\/child-817371_640.jpg\" alt=\"\" width=\"444\" height=\"640\" srcset=\"https:\/\/stephanieorion.com\/wp-content\/uploads\/2018\/05\/child-817371_640.jpg 444w, https:\/\/stephanieorion.com\/wp-content\/uploads\/2018\/05\/child-817371_640-208x300.jpg 208w\" sizes=\"auto, (max-width: 444px) 100vw, 444px\" \/><\/div>\n<div style=\"text-align: center; padding-left: 30px;\"><span style=\"color: #b00078;\"><em>\u201eDie Wahrheit des Human Design Wissen ist eigentlich f\u00fcr unsere Kinder bevor sie konditioniert worden sind.&#8220;<\/em><\/span><\/div>\n<div style=\"text-align: center; padding-left: 30px;\"><span style=\"color: #b00078;\"><em>~\u00a0Ra Uru Hu\u00a0<\/em><\/span><\/div>\n<\/div>\n<div><\/div>\n","protected":false},"excerpt":{"rendered":"<p>\u201eWahres Verst\u00e4ndnis verleiht Beziehungen ihr Potenzial.&#8220; ~\u00a0Ra Uru Hu\u00a0 Von Verstrickung zu Liebe&#8230;\u00a0 Wir alle sind miteinander verbunden. Meine Qualit\u00e4t liegt darin M\u00f6glichkeiten aufzuzeigen wie das Miteinander und Zusammenleben mit anderen f\u00fcr alle Beteiligten harmonischer und ges\u00fcnder gestaltet werden kann. Egal, um welche Beziehungsform oder Partnerschaft es sich handelt, von gesch\u00e4ftlichen, freundschaftlichen bis hin zu [&hellip;]<\/p>\n","protected":false},"author":1,"featured_media":0,"parent":0,"menu_order":0,"comment_status":"open","ping_status":"open","template":"","meta":{"_genesis_hide_title":false,"_genesis_hide_breadcrumbs":false,"_genesis_hide_singular_image":false,"_genesis_hide_footer_widgets":false,"_genesis_custom_body_class":"","_genesis_custom_post_class":"","_genesis_layout":"full-width-content","footnotes":""},"class_list":{"0":"post-224","1":"page","2":"type-page","3":"status-publish","5":"entry","6":"has-post-thumbnail"},"_links":{"self":[{"href":"https:\/\/stephanieorion.com\/index.php?rest_route=\/wp\/v2\/pages\/224","targetHints":{"allow":["GET"]}}],"collection":[{"href":"https:\/\/stephanieorion.com\/index.php?rest_route=\/wp\/v2\/pages"}],"about":[{"href":"https:\/\/stephanieorion.com\/index.php?rest_route=\/wp\/v2\/types\/page"}],"author":[{"embeddable":true,"href":"https:\/\/stephanieorion.com\/index.php?rest_route=\/wp\/v2\/users\/1"}],"replies":[{"embeddable":true,"href":"https:\/\/stephanieorion.com\/index.php?rest_route=%2Fwp%2Fv2%2Fcomments&post=224"}],"version-history":[{"count":28,"href":"https:\/\/stephanieorion.com\/index.php?rest_route=\/wp\/v2\/pages\/224\/revisions"}],"predecessor-version":[{"id":1712,"href":"https:\/\/stephanieorion.com\/index.php?rest_route=\/wp\/v2\/pages\/224\/revisions\/1712"}],"wp:attachment":[{"href":"https:\/\/stephanieorion.com\/index.php?rest_route=%2Fwp%2Fv2%2Fmedia&parent=224"}],"curies":[{"name":"wp","href":"https:\/\/api.w.org\/{rel}","templated":true}]}}